ulate the highest common factor of 2024976 and 132.
12
What is the greatest common factor of 17238 and 3094?
442
Calculate the highest common divisor of 75 and 65125.
25
What is the greatest common factor of 55 and 455015?
55
Calculate the greatest common divisor of 20 and 8961340.
20
Calculate the highest common divisor of 560 and 22288.
112
What is the greatest common divisor of 40965 and 645?
15
Calculate the highest common divisor of 116978 and 322.
46
What is the highest common divisor of 216645 and 143?
143
Calculate the highest common divisor of 27 and 31617.
27
What is the highest common divisor of 120 and 45975?
15
What is the greatest common factor of 46 and 35006?
46
Calculate the highest common factor of 682 and 13717.
11
What is the highest common factor of 190988 and 21812?
532
What is the highest common factor of 67 and 577741?
67
What is the highest common divisor of 10776 and 672?
24
What is the highest common divisor of 28080 and 40?
40
What is the greatest common divisor of 1025 and 4961?
41
What is the highest common divisor of 66440 and 2?
2
What is the highest common factor of 9075 and 402600?
825
What is the highest common divisor of 6583 and 1135?
227
Calculate the highest common divisor of 1896 and 914820.
948
Calculate the highest common factor of 1863 and 2139.
69
What is the highest common divisor of 3500 and 3304?
28
Calculate the greatest common divisor of 1387853 and 232.
29
What is the greatest common factor of 507 and 147771?
39
Calculate the highest common factor of 860 and 94815.
215
What is the greatest common divisor of 3182 and 4730?
86
What is the greatest common divisor of 517315 and 785?
785
What is the greatest common divisor of 1878 and 534917?
313
Calculate the greatest common divisor of 3015 and 19905.
15
Calculate the greatest common factor of 713 and 11799.
23
What is the highest common factor of 2072257 and 177?
59
Calculate the highest common divisor of 285610 and 10.
10
What is the greatest common factor of 3210 and 213786?
642
Calculate the greatest common factor of 36757 and 11.
1
Calculate the greatest common factor of 85 and 12835.
85
What is the highest common divisor of 40 and 417250?
10
What is the greatest common divisor of 40 and 31568?
8
Calculate the highest common factor of 51 and 12189.
51
What is the greatest common divisor of 5180 and 840?
140
What is the greatest common factor of 12390 and 107520?
210
Calculate the highest common factor of 296923 and 11.
11
Calculate the greatest common divisor of 194620 and 17884.
1052
What is the highest common factor of 14873166 and 441?
441
What is the greatest common divisor of 4214639 and 143?
143
Calculate the highest common divisor of 567 and 33.
3
What is the highest common divisor of 740 and 23162?
74
Calculate the highest common factor of 33768 and 313761.
1407
What is the greatest common divisor of 69 and 190923?
69
What is the highest common divisor of 236376 and 315?
63
Calculate the highest common divisor of 3816 and 4256.
8
Calculate the greatest common factor of 46875 and 10.
5
Calculate the highest common divisor of 1375568 and 5066.
298
Calculate the highest common factor of 16 and 21136.
16
What is the greatest common factor of 409281 and 454?
227
What is the greatest common divisor of 235 and 658?
47
What is the greatest common factor of 1125 and 72621?
9
Calculate the greatest common divisor of 70 and 329930.
10
What is the highest common factor of 1690815 and 105?
105
What is the greatest common divisor of 284 and 49061?
71
What is the highest common divisor of 4906 and 13400739?
2453
What is the greatest common divisor of 267849 and 18?
9
What is the highest common divisor of 50397 and 471?
471
Calculate the greatest common divisor of 3213 and 13419.
189
What is the highest common factor of 406959 and 63?
21
Calculate the greatest common divisor of 113866 and 1182.
394
Calculate the highest common divisor of 1039590 and 20.
10
Calculate the greatest common divisor of 105 and 8895.
15
Calculate the greatest common factor of 1153189 and 1996.
499
What is the highest common divisor of 60 and 221070?
30
Calculate the greatest common factor of 1710 and 43434.
342
What is the highest common divisor of 22 and 5252874?
22
Calculate the highest common divisor of 12 and 4359.
3
What is the highest common factor of 9081 and 618517?
1009
Calculate the greatest common factor of 1076 and 5159958.
538
What is the highest common factor of 17 and 1724123?
17
What is the greatest common divisor of 5500 and 3500?
500
Calculate the highest common factor of 3708 and 252.
36
What is the highest common factor of 7104 and 222?
222
Calculate the highest common divisor of 171 and 29298.
57
Calculate the greatest common divisor of 11918 and 3636.
202
What is the greatest common factor of 429240 and 2450?
490
What is the greatest common divisor of 602 and 203000?
14
What is the highest common divisor of 25056 and 6003?
261
Calculate the greatest common factor of 1110072 and 782.
46
Calculate the highest common factor of 1827 and 28791.
63
What is the highest common divisor of 512 and 5458432?
512
What is the greatest common factor of 158990 and 10?
10
Calculate the highest common divisor of 14430 and 663.
39
What is the greatest common factor of 598 and 12098?
46
Calculate the greatest common factor of 98982 and 1296.
162
What is the highest common divisor of 189443 and 2334?
389
Calculate the greatest common factor of 17 and 12497278.
17
Calculate the greatest common factor of 4173 and 1326.
39
Calculate the greatest common factor of 294 and 582708.
294
Calculate the highest common factor of 28368 and 2048.
16
What is the highest common factor of 2454 and 15542?
818
What is the greatest common divisor of 11366 and 54?
2
Calculate the greatest common divisor of 305 and 427.
61
Calculate the greatest common divisor of 18 and 3105279.
9
What is the highest common factor of 68975 and 1780?
445
What is the highest common divisor of 34676 and 36?
4
Calculate the highest common divisor of 30 and 866370.
30
Calculate the greatest common factor of 645 and 1245.
15
What is the greatest common factor of 11219 and 2132?
13
Calculate the greatest common factor of 448 and 189952.
448
What is the greatest common divisor of 320 and 9080?
40
What is the greatest common divisor of 103922 and 78?
26
Calculate the greatest common divisor of 22 and 1737670.
22
Calculate the greatest common factor of 4 and 204124.
4
Calculate the greatest common divisor of 94786 and 40541.
571
What is the highest common factor of 57227 and 1869?
89
What is the highest common divisor of 159432 and 34456?
584
Calculate the greatest common divisor of 729545 and 1060.
265
What is the greatest common factor of 9964 and 10600?
212
Calculate the greatest common divisor of 2198107 and 1057.
151
Calculate the highest common divisor of 560 and 20230.
70
Calculate the highest common divisor of 15066 and 744.
186
Calculate the greatest common divisor of 317761 and 985.
197
Calculate the highest common factor of 13659 and 9420.
471
Calculate the greatest common divisor of 18955 and 892.
223
Calculate the greatest common divisor of 151 and 149.
1
Calculate the highest common factor of 22351 and 1953.
217
What is the highest common divisor of 1406 and 47878?
74
Calculate the greatest common divisor of 168 and 6504.
24
What is the highest common divisor of 17 and 888403?
17
Calculate the highest common divisor of 154010 and 10.
10
What is the greatest common factor of 196 and 93884?
196
What is the greatest common factor of 32 and 262928?
16
Calculate the highest common factor of 1 and 247993.
1
Calculate the greatest common divisor of 173124 and 54.
54
Calculate the highest common divisor of 2423180 and 340.
340
What is the greatest common factor of 55564 and 1624?
116
Calculate the highest common divisor of 2032658 and 114.
38
What is the highest common factor of 44891 and 1113?
371
What is the greatest common divisor of 1725529 and 26?
13
What is the greatest common factor of 10 and 18730?
10
Calculate the highest common factor of 33471 and 6498.
9
Calculate the highest common divisor of 8 and 494504.
8
Calculate the highest common factor of 1089 and 7227.
99
Calculate the greatest common facto